4/(-24). Suppose 0 = 3*g - 45 - 411. Calculate the highest common factor of l and g.
19
Suppose 252 = 12*s - 5*s. Suppose -20 + 140 = -4*o. Let p be ((-18)/(-5))/((-9)/o). What is the highest common factor of p and s?
12
Let b(c) = -c**2 + 9. Let w be b(0). Calculate the highest common factor of 3 and w.
3
Suppose 6*k - 28 - 2 = 0. What is the highest common divisor of 2 and k?
1
Let u = 407 - 176. What is the greatest common factor of 21 and u?
21
Suppose -171 = -3*s - 3*w, 3*s - 6*w + 5*w - 175 = 0. Calculate the greatest common divisor of s and 145.
29
Let p = 236 - 138. Let q be (-1)/((-2)/p - 0). What is the greatest common factor of 7 and q?
7
Suppose -2*v = -5*p + 2*v + 1817, -1829 = -5*p - 2*v. Suppose 0 = -l + 109 - p. Let d be (-4)/14 + l/(-14). Calculate the greatest common factor of d and 45.
9
Let s(n) = n**2 + 17*n - 51. Let u be s(-21). Calculate the greatest common factor of u and 99.
33
Suppose q + q - 30 = 0. Suppose q = 5*l - 2*g, -5*l = 2*g - g. What is the greatest common factor of l and 2?
1
Let w = 249 - 88. Calculate the highest common divisor of 23 and w.
23
Suppose -78 = -4*a - 2*h, 31 = -5*a - 5*h + 116. Let x(b) = b**3 + 7*b**2 - b + 15. Let y be x(-7). What is the greatest common factor of a and y?
22
Let u be 8/(-5)*(-70)/4. Suppose 0 = 4*m + 12 - u. Calculate the greatest common factor of 28 and m.
4
Let t = -7 - -16. What is the highest common divisor of t and 63?
9
Let t(w) = -8*w + 1. Let c be t(-6). Calculate the greatest common factor of 7 and c.
7
Let g = 1 + 1. What is the greatest common factor of g and 1?
1
Suppose 0 = -2*c + 7*d - 2*d + 4, 5*c - 2*d - 10 = 0. Suppose -380 = -2*i - c*i. Suppose -2*h + 59 = -17. Calculate the highest common divisor of h and i.
19
Let t be (-3)/(-9) - (-20)/(-6). Let b be 8/(-1*(2 + t)). What is the highest common divisor of 8 and b?
8
Let v(q) = q**3 + 12*q**2 + 6*q - 11. Let n be v(-11). What is the highest common divisor of 11 and n?
11
Let x(c) = c - 5. Let q be x(10). Let z be 77/q - (-8)/(-20). What is the greatest common factor of 60 and z?
15
Let d = 9 + -5. Let j be ((-5)/d)/((-4)/32). Calculate the highest common factor of 80 and j.
10
Let z be (-710)/(-35) + 4/(-14). Calculate the highest common factor of 20 and z.
20
Let b(g) = 3*g**2 - 2*g + 1. Let a be b(2). Let s be (-42)/a*1*-3. What is the highest common factor of 112 and s?
14
Suppose 0 = h + 8 - 26. Calculate the highest common factor of h and 2.
2
Let i = 6 + -3. What is the greatest common factor of i and 21?
3
Let m be (-4)/((-3)/(-3) - 0). Let f be 2/m + 6/12. Suppose f = r + 5*u + 13, 5*r - 4*u - 80 = -0*r. What is the greatest common factor of 96 and r?
12
Let q be 9/15 + (-184)/(-10) + -4. What is the greatest common factor of 15 and q?
15
Let k be -1*(-12)/(-8)*-22. Calculate the greatest common divisor of k and 297.
33
Let r be (-3)/5*(-16 - -1). Let h(a) = -a + 2. Let x be h(-4). Calculate the highest common factor of r and x.
3
Suppose 8*t = b + 3*t - 55, 0 = -5*b + 5*t + 175. What is the highest common divisor of 20 and b?
10
Let t be (402/(-2) - 0)/(-1). Suppose 5*j - t = -3*q - 46, 4*q - 235 = -j. Let p(a) = 4*a - 4. Let w be p(4). Calculate the highest common factor of w and q.
12
Let q be (-9)/(-3)*9/1. Calculate the greatest common factor of q and 189.
27
Let t be 10 - (-2 - -4) - 2. Suppose 2*b - 24 = t*b. Let o = b + 7. What is the greatest common factor of 11 and o?
1
Let w(p) = 3*p + 18. Let z be w(5). Calculate the highest common factor of z and 22.
11
Suppose 4*n + b = -3*b + 552, 3*b - 547 = -4*n. Calculate the greatest common factor of 19 and n.
19
Suppose 5*v - 89 + 9 = 0. Calculate the highest common factor of 8 and v.
8
Let s(i) = 9*i - 4 + 0*i**2 - 3*i**2 + 2*i**2 + 0*i**2. Let b be s(6). What is the greatest common divisor of b and 98?
14
Let w be (-6)/(-4)*(-40)/(-15). What is the greatest common divisor of 2 and w?
2
Let w = -13 - -27. Let t = w - 6. Calculate the greatest common factor of 4 and t.
4
Let g = -4 - -10. Suppose g*n - 165 = 3*n. What is the highest common divisor of n and 11?
11
Let x be (-1124)/(-14) + 10/(-35). Suppose x = -0*n + 4*n. Calculate the highest common factor of n and 4.
4
Let d(l) = 4*l**2 + 2*l - 1. Let v(h) = -5*h**2 - 2*h. Let f(m) = 3*d(m) + 2*v(m). Let a be f(-4). Calculate the highest common factor of 189 and a.
21
Let o(i) = 9*i - 4. Let c be o(4). Suppose 40 = 2*r + 4*w, -22 = -4*r + 2*r + 5*w. What is the greatest common factor of r and c?
16
Suppose c - 1 = 5. Let f(g) = -g**2 + 6*g + 6. Let i be f(c). What is the greatest common factor of i and 3?
3
Let a = -3 + 4. Suppose -b + 5*r = -a, 0 = 4*b - 0*b - 5*r + 11. Let p be (2/b)/((-1)/30). What is the highest common factor of p and 3?
3
Let j(z) = -33*z**3 - 1. Let o be j(-1). Let l = o - 23. Suppose 4*y - 8 - 21 = -d, -13 = -2*d + y. Calculate the greatest common divisor of d and l.
9
Let b be 44/2*(-231)/(-14). What is the highest common factor of b and 33?
33
Let o(m) = 21*m + 3. Let u be o(-3). Let s be u/6*(-3 - 1). Calculate the highest common factor of 20 and s.
20
Let t be 277/9 + 22/99. What is the greatest common divisor of t and 217?
31
Let y be 5/2*34 - 0. What is the highest common factor of y and 17?
17
Let p(z) be the second derivative of z**5/10 + z**3/2 - z**2 + z. Let b be (-7 - -2)/((-35)/14). Let u be p(b). What is the highest common factor of 80 and u?
20
Let p be 4/(-6)*(-21)/14*0. Let c(m) = -m**2 + 1. Let n be c(-1). Suppose p = -2*l - n + 8. What is the highest common factor of l and 16?
4
Let x be ((2 + -92)*-3)/(-1). Let t be (-7)/(21/x) + 1. What is the highest common divisor of t and 13?
13
Let d be -2*(-11)/2*1. Suppose -c - 4 = c. Let u be 98 - ((-2)/c + -2). What is the greatest common factor of u and d?
11
Suppose -15*y = -14*y + 3. Let t be (-74)/y - (-8)/6. Suppose -6*p + 312 = -2*p. Calculate the greatest common factor of t and p.
26
Let u = 14 + -6. Calculate the highest common divisor of 1 and u.
1
Suppose 11*f + 3 - 223 = 0. Calculate the highest common factor of f and 70.
10
Let u(c) = 4*c**2 + 2*c. Let k be u(2). Suppose 5*w - 3*g = -15, 0 = -3*w + 7*w + 4*g - k. Let y = 6 + w. Calculate the greatest common divisor of 24 and y.
6
Let d = -4 + 4. Let o be 4 + -3 - (8 - d). Let j = o + 21. What is the greatest common divisor of 14 and j?
14
Let a = 23 + -11. Calculate the greatest common factor of 84 and a.
12
Let a = -14 + 26. Calculate the greatest common divisor of a and 9.
3
Let i be (1 - 3) + (104 - 2). Calculate the greatest common factor of i and 40.
20
Suppose 0 = 2*p + 4*c + 12, 3*p - p - 5*c - 33 = 0. Let h be -2 + 4/p + 73. What is the highest common divisor of h and 48?
24
Suppose 86 = 3*v - v - 2*t, -3*t = -v + 33. Calculate the greatest common divisor of v and 32.
16
Suppose 4*q - 7*q + 42 = 0. Let l = -12 - -19. What is the highest common factor of l and q?
7
Suppose 2*d - 9 = 5. Let c(m) = -m**2 + 8*m - 4. Let w be c(d). Suppose -4 = w*f - 76. What is the greatest common divisor of f and 60?
12
Let g be (-2 + 0)*(-36)/8. What is the highest common divisor of 1 and g?
1
Suppose 112 = 4*s - 284. Let n(j) = -9*j. Let g be n(-1). Calculate the greatest common factor of g and s.
9
Suppose -3*r + 284 = 5*p, r + 237 = 5*p - 35. What is the highest common factor of p and 5?
5
Let g(h) = h**2 + 17*h - 26. Let w be g(-20). Calculate the highest common factor of 34 and w.
34
Let s = 1 - 5. Let f be (3 + s/(-2))/1. Calculate the greatest common divisor of 45 and f.
5
Let u(g) be the first derivative of g**3/3 - g - 1. Let a be u(1). Suppose -5*k = -a*k - 75. What is the highest common factor of k and 60?
15
Let n(k) = 28*k**2 + k. Let m be n(-1). Let w = -12 - -15. Calculate the greatest common divisor of w and m.
3
Let m(v) = -4*v - 12. Let a be m(-8). Let r(l) = 2*l**3 - 1. Let c be r(1). Let k be 51 - ((1 - 1) + c). Calculate the highest common factor of a and k.
10
Let c = -2 + 4. Suppose -220 = -6*r + c*r. Suppose -2*k - 4 = -4*j + 2, 3*j = -5*k + 37. What is the highest common factor of r and k?
5
Suppose 5*w = 5*z + 35, 0*w = w + 2*z + 2. Let i = 13 - w. Let v be -132*2/((-8)/3). Calculate the greatest common divisor of v and i.
9
Suppose -76*f + 561 = -73*f. Calculate the greatest common divisor of 17 and f.
17
Let p(a) = 3*a - 4.